
Is 4 a factor of 1119?
False
Is 864 a multiple of 9?
True
Does 40 divide 41923?
False
Is 2310 a multiple of 77?
True
Is 24 a factor of 1128?
True
Does 16 divide 99?
False
Is 10 a factor of 40?
True
Is 6 a factor of 984?
True
Is 17 a factor of 14399?
True
Does 33 divide 7290?
False
Is 15 a factor of 1893?
False
Is 4 a factor of 4062?
False
Is 2969 a multiple of 12?
False
Is 1140 a multiple of 30?
True
Is 10960 a multiple of 30?
False
Does 49 divide 1545?
False
Is 15 a factor of 27602?
False
Does 56 divide 5208?
True
Does 8 divide 1432?
True
Does 29 divide 79550?
False
Is 4 a factor of 12045?
False
Does 14 divide 1064?
True
Does 213 divide 75189?
True
Does 23 divide 2701?
False
Is 19 a factor of 324?
False
Is 6 a factor of 3120?
True
Is 52 a factor of 358?
False
Is 492 a multiple of 25?
False
Is 80091 a multiple of 99?
True
Does 181 divide 17195?
True
Is 34 even?
True
Is 23687 a multiple of 88?
False
Is 23562 a multiple of 238?
True
Is 4 a factor of 290?
False
Does 12 divide 1200?
True
Does 14 divide 5152?
True
Is 9 a factor of 1419?
False
Is 3 a factor of 9?
True
Does 40 divide 527?
False
Is 65 a factor of 1300?
True
Does 27 divide 81?
True
Is 14 a factor of 420?
True
Does 10 divide 1460?
True
Is 1978 a multiple of 46?
True
Does 2 divide 21?
False
Is 21086 a multiple of 26?
True
Is 25587 a multiple of 6?
False
Does 210 divide 24780?
True
Is 159 a multiple of 2?
False
Is 882 a multiple of 15?
False
Is 5910 a multiple of 15?
True
Is 1470 a multiple of 15?
True
Is 635 a multiple of 10?
False
Is 343 a multiple of 105?
False
Is 34 a factor of 1802?
True
Does 14 divide 22738?
False
Does 8 divide 58023?
False
Is 6 a factor of 924?
True
Is 17 a factor of 152?
False
Is 104125 a multiple of 17?
True
Is 10 a factor of 122962?
False
Is 81 even?
False
Does 14 divide 6024?
False
Is 26 a multiple of 6?
False
Is 44 a factor of 2464?
True
Does 6 divide 984?
True
Does 3 divide 134?
False
Is 1127 a multiple of 23?
True
Is 14 a factor of 3193?
False
Does 10 divide 11252?
False
Is 65 a factor of 195?
True
Is 2758 a multiple of 27?
False
Does 20 divide 36840?
True
Is 660 a multiple of 12?
True
Is 20 a factor of 49300?
True
Is 12159 a multiple of 9?
True
Is 25676 a multiple of 98?
True
Is 11 a factor of 4191?
True
Is 4864 a multiple of 38?
True
Is 26 a factor of 2860?
True
Is 32 a factor of 1247?
False
Is 101 a factor of 922?
False
Is 67 a factor of 1967?
False
Is 7 a factor of 54?
False
Is 49 a factor of 49?
True
Does 57 divide 4674?
True
Is 66 a factor of 88?
False
Does 121 divide 8452?
False
Is 15 a factor of 285?
True
Is 3776 a multiple of 5?
False
Does 9 divide 12190?
False
Is 12 a factor of 2037?
False
Is 33 a factor of 3371?
False
Is 47 a factor of 752?
True
Is 454 a multiple of 15?
False
Does 11 divide 2681?
False
Is 10 a factor of 1200?
True
Is 42 a factor of 7182?
True
Does 85 divide 765?
True
Is 5382 a multiple of 39?
True
Is 70 a factor of 3500?
True
Is 21 a factor of 1840?
False
Does 20 divide 634?
False
Is 1536 a multiple of 9?
False
Is 10384 a multiple of 8?
True
Does 15 divide 983?
False
Is 29 a factor of 522?
True
Does 6 divide 2383?
False
Is 100 a factor of 3900?
True
Does 114 divide 7410?
True
Is 17 a factor of 1540?
False
Is 513 a multiple of 19?
True
Is 9 a factor of 320?
False
Is 713 a multiple of 42?
False
Is 3516 a multiple of 3?
True
Is 13680 a multiple of 19?
True
Is 47 a factor of 19317?
True
Is 1348 a multiple of 87?
False
Is 13 a factor of 325?
True
Is 8208 a multiple of 27?
True
Does 3 divide 943?
False
Is 9 a factor of 279?
True
Is 36 a factor of 9806?
False
Does 40 divide 160?
True
Does 8 divide 278?
False
Is 24 a factor of 25868?
False
Does 19 divide 111299?
False
Is 3 a factor of 5263?
False
Is 415 a multiple of 2?
False
Is 17 a factor of 977?
False
Is 12 a factor of 4950?
False
Is 2 a factor of 522?
True
Does 26 divide 572?
True
Is 16 a factor of 5040?
True
Is 17 a factor of 660?
False
Does 10 divide 8100?
True
Is 23 a factor of 8786?
True
Is 65 a multiple of 13?
True
Is 33 a factor of 3531?
True
Is 48 a factor of 12808?
False
Is 6 a factor of 169?
False
Is 12575 a multiple of 12?
False
Is 2700 a multiple of 10?
True
Does 17 divide 419?
False
Does 103 divide 9373?
True
Does 113 divide 12769?
True
Is 5135 a multiple of 42?
False
Is 1344 a multiple of 12?
True
Does 29 divide 16153?
True
Is 47 a factor of 2832?
False
Is 1821 a multiple of 19?
False
Is 31 a factor of 3255?
True
Is 176 a factor of 20694?
False
Does 17 divide 16711?
True
Does 4 divide 3112?
True
Is 39926 a multiple of 235?
False
Does 126 divide 19530?
True
Is 19 a factor of 33692?
False
Is 6 a factor of 85?
False
Does 22 divide 72644?
True
Does 49 divide 4264?
False
Is 11 a factor of 264?
True
Is 217 a multiple of 4?
False
Is 47004 a multiple of 28?
False
Does 58 divide 4756?
True
Does 4 divide 175?
False
Is 4 a factor of 4992?
True
Is 69960 a multiple of 165?
True
Is 8580 a multiple of 33?
True
Is 47138 a multiple of 80?
False
Is 11 a factor of 679?
False
Is 4209 a multiple of 7?
False
Is 14 a factor of 311?
False
Is 5144 a multiple of 7?
False
Does 65 divide 2978?
False
Is 42 a factor of 29358?
True
Does 103 divide 28004?
False
Does 117 divide 3542?
False
Is 56 a factor of 1921?
False
Does 33 divide 692?
False
Is 29560 a multiple of 40?
True
Is 882 a multiple of 49?
True
Does 17 divide 12155?
True
Does 4 divide 331?
False
Is 1358 a multiple of 18?
False
Is 7 a factor of 534?
False
Does 443 divide 193591?
True
Does 287 divide 83230?
True
Is 79 a factor of 11970?
False
Is 16951 a multiple of 23?
True
Is 12 a factor of 7668?
True
Does 4 divide 8389?
False
Does 4 divide 14673?
False
Is 8114 a multiple of 17?
False
Is 31345 a multiple of 10?
False
Is 700 a multiple of 35?
True
Is 8 a factor of 149?
False
Does 14 divide 2240?
True
Does 6 divide 2670?
True
Does 165 divide 20903?
False
Is 3303 a multiple of 9?
True
Does 40 divide 13647?
False
Does 19 divide 524?
False
Is 9 a factor of 10602?
True
Is 57 a factor of 1632?
False
Is 9895 a multiple of 20?
False
Is 4818 a multiple of 112?
False
Does 26 divide 11570?
True
Does 38 divide 1586?
False
Is 31 a factor of 1922?
True
Is 10 a factor of 40014?
False
Is 587 a multiple of 13?
False
Is 19404 a multiple of 99?
True
Is 88 a factor of 5596?
False
Is 175 a factor of 2936?
False
Is 22 a factor of 10176?
False
Is 2268 a multiple of 22?
False
Does 162 divide 8064?
False
Is 326 a multiple of 18?
False
Is 2990 a multiple of 46?
True
Is 13610 a multiple of 22?
False
Does 46 divide 2389?
False
Is 14554 a multiple of 18?
False
Is 5 a factor of 3895?
True
Is 384 a multiple of 26?
False
Is 3133 a multiple of 6?
False
Is 1224 a multiple of 72?
True
Does 22 divide 10450?
True
Does 12 divide 396?
True
Is 71 a factor of 178?
False
Does 16 divide 1904?
True
Does 12 divide 6156?
True
Is 9647 a multiple of 90?
False
Is 34 a factor of 1175?
False
Is 25 a factor of 1425?
True
Is 174 a factor of 1053?
False
Does 7 divide 6409?
False
Is 51 a factor of 612?
True
Does 86 divide 1634?
True
Is 19021 a multiple of 14?
False
Does 29 divide 1912?
False
Is 41 a factor of 1589?
False
Is 5 a factor of 385?
True
Is 76 a multiple of 38?
True
Does 8 divide 640?
True
Is 13 a factor of 3390?
False
Is 18 a factor of 4727?
False
Does 13 divide 2084?
False
Does 124 divide 3830?
False
Does 13 divide 11063?
True
Does 10 divide 4130?
True
Is 1572 a multiple of 12?
True
Is 140 a factor of 7280?
True
Is 228 a factor of 1747?
False
Is 853 a multiple of 11?
False
Does 3 divide 2499?
True
Does 30 divide 1590?
True
Is 2271 a multiple of 8?
False
Is 18 a factor of 1288?
False
Is 1458 a multiple of 27?
True
Does 99 divide 38111?
False
Is 920 a multiple of 20?
True
Is 6744 a multiple of 8?
True
Is 45 a factor of 28755?
True
Does 4 divide 32?
True
Is 9 a factor of 28?
False
Is 340 a multiple of 5?
True
Is 85 a factor of 765?
True
Is 42 a factor of 19913?
False
Is 6 a factor of 23334?
True
Is 17069 a multiple of 169?
True
Is 5 a factor of 470?
True
Does 19 divide 4522?
True
Is 12369 a multiple of 133?
True
Does 9 divide 1431?
True
Is 66023 a multiple of 25?
False
Is 41 a factor of 5289?
True
Does 65 divide 9096?
False
Is 2 a factor of 10438?
True
Is 16 a factor of 3488?
True
Is 9456 a multiple of 16?
True
Is 24 a factor of 11894?
False
Is 16442 a multiple of 255?
False
Does 19 d